225?
75
Calculate the highest common divisor of 2484 and 468.
36
What is the highest common divisor of 5 and 1580?
5
Calculate the highest common factor of 279 and 217.
31
Calculate the highest common divisor of 488 and 122.
122
What is the highest common divisor of 204 and 288?
12
What is the greatest common divisor of 1160 and 754?
58
What is the highest common divisor of 1421 and 147?
49
What is the greatest common factor of 456 and 24?
24
Calculate the greatest common factor of 3710 and 560.
70
Calculate the highest common divisor of 425 and 561.
17
What is the greatest common divisor of 2875 and 23?
23
What is the greatest common divisor of 1265 and 550?
55
Calculate the greatest common divisor of 3633 and 1730.
173
Calculate the highest common divisor of 1145 and 5.
5
Calculate the highest common factor of 84 and 21.
21
Calculate the greatest common divisor of 4445 and 14.
7
Calculate the highest common divisor of 78 and 104.
26
Calculate the highest common factor of 3 and 7629.
3
What is the greatest common factor of 8624 and 704?
176
Calculate the greatest common factor of 225 and 117.
9
What is the highest common divisor of 1363 and 235?
47
Calculate the greatest common factor of 24 and 6936.
24
What is the highest common divisor of 480 and 160?
160
What is the greatest common factor of 735 and 480?
15
Calculate the highest common divisor of 44 and 550.
22
What is the greatest common factor of 188 and 4?
4
Calculate the highest common factor of 4 and 63480.
4
What is the highest common divisor of 7536 and 624?
48
What is the greatest common divisor of 9153 and 405?
81
Calculate the highest common factor of 180 and 20.
20
Calculate the greatest common divisor of 3 and 393.
3
Calculate the highest common divisor of 18456 and 120.
24
Calculate the greatest common divisor of 225 and 279.
9
What is the highest common factor of 780 and 1020?
60
Calculate the greatest common divisor of 1358 and 1.
1
Calculate the highest common factor of 1575 and 150.
75
Calculate the highest common factor of 176 and 80.
16
Calculate the greatest common divisor of 204 and 663.
51
Calculate the greatest common factor of 290 and 3074.
58
What is the highest common divisor of 52 and 4?
4
What is the greatest common divisor of 3 and 1?
1
What is the greatest common divisor of 388 and 9506?
194
What is the highest common divisor of 19 and 1349?
19
What is the greatest common factor of 918 and 2907?
153
Calculate the greatest common divisor of 35 and 14.
7
Calculate the highest common factor of 24 and 348.
12
Calculate the greatest common factor of 608 and 57.
19
What is the highest common divisor of 10 and 17?
1
What is the highest common factor of 155 and 1333?
31
Calculate the highest common factor of 285 and 13110.
285
Calculate the greatest common factor of 845 and 65.
65
Calculate the highest common divisor of 27 and 729.
27
What is the greatest common divisor of 144 and 225?
9
What is the greatest common divisor of 45 and 36?
9
What is the highest common divisor of 342 and 152?
38
Calculate the highest common factor of 133 and 95.
19
Calculate the highest common factor of 246 and 328.
82
What is the highest common factor of 348 and 7482?
174
What is the greatest common factor of 605 and 13695?
55
What is the highest common factor of 63 and 7875?
63
Calculate the greatest common divisor of 155 and 31.
31
What is the highest common divisor of 31445 and 190?
95
Calculate the greatest common divisor of 7 and 7.
7
Calculate the greatest common divisor of 9340 and 20.
20
Calculate the greatest common divisor of 60 and 3660.
60
Calculate the highest common factor of 33 and 209.
11
Calculate the highest common factor of 171 and 1611.
9
Calculate the greatest common factor of 72 and 1413.
9
What is the greatest common divisor of 41 and 7216?
41
What is the greatest common divisor of 11 and 32?
1
What is the greatest common divisor of 180 and 70?
10
Calculate the highest common factor of 2 and 7858.
2
What is the highest common factor of 430 and 50?
10
Calculate the greatest common factor of 1377 and 3.
3
What is the greatest common factor of 672 and 84?
84
What is the highest common divisor of 1198 and 6?
2
Calculate the highest common factor of 9048 and 208.
104
What is the greatest common divisor of 102 and 12?
6
What is the highest common divisor of 12 and 36?
12
What is the highest common factor of 372 and 16554?
186
Calculate the greatest common divisor of 296 and 222.
74
Calculate the highest common divisor of 2061 and 27.
9
What is the highest common divisor of 242 and 3190?
22
Calculate the greatest common factor of 2762 and 6.
2
Calculate the greatest common divisor of 678 and 6.
6
Calculate the greatest common factor of 3626 and 98.
98
Calculate the highest common divisor of 13656 and 24.
24
Calculate the greatest common divisor of 12 and 1560.
12
Calculate the highest common divisor of 236 and 33394.
118
What is the greatest common factor of 160 and 128?
32
What is the highest common divisor of 15 and 405?
15
What is the greatest common factor of 1612 and 31?
31
What is the greatest common factor of 2754 and 102?
102
What is the highest common divisor of 83 and 18509?
83
What is the highest common factor of 13897 and 13?
13
What is the highest common factor of 14 and 2?
2
Calculate the greatest common factor of 102 and 6086.
34
What is the highest common divisor of 140 and 3430?
70
What is the highest common factor of 6 and 906?
6
What is the greatest common factor of 315 and 2745?
45
What is the highest common divisor of 308 and 56?
28
Calculate the highest common divisor of 6 and 39.
3
What is the greatest common factor of 71 and 284?
71
What is the greatest common factor of 187 and 34?
17
Calculate the highest common divisor of 138 and 17.
1
What is the greatest common divisor of 201 and 51?
3
Calculate the highest common divisor of 35 and 805.
35
What is the greatest common factor of 24 and 3?
3
Calculate the highest common factor of 150 and 106650.
150
What is the highest common factor of 5734 and 94?
94
Calculate the greatest common divisor of 28 and 308.
28
What is the highest common factor of 528 and 198?
66
Calculate the highest common divisor of 20 and 860.
20
What is the highest common factor of 168 and 63?
21
Calculate the greatest common factor of 5 and 395.
5
What is the greatest common factor of 4492 and 24?
4
Calculate the highest common divisor of 179 and 1.
1
Calculate the highest common factor of 1474 and 6566.
134
Calculate the greatest common divisor of 1258 and 592.
74
What is the greatest common divisor of 1 and 59?
1
Calculate the greatest common factor of 17 and 51.
17
Calculate the highest common divisor of 128 and 96.
32
Calculate the highest common divisor of 4 and 91.
1
Calculate the greatest common divisor of 189 and 1593.
27
What is the greatest common divisor of 32 and 208?
16
Calculate the highest common divisor of 115 and 46.
23
What is the greatest common factor of 35 and 20?
5
Calculate the highest common divisor of 37 and 629.
37
Calculate the highest common factor of 4698 and 116.
58
What is the highest common divisor of 188 and 6533?
47
Calculate the greatest common divisor of 24 and 128.
8
What is the highest common divisor of 98 and 1498?
14
What is the greatest common factor of 832 and 32?
32
Calculate the highest common factor of 154 and 968.
22
What is the greatest common divisor of 42 and 1113?
21
What is the highest common factor of 1751 and 1854?
103
Calculate the greatest common factor of 4340 and 120.
20
What is the greatest common divisor of 7044 and 96?
12
What is the greatest common factor of 210 and 56?
14
Calculate the greatest common factor of 5 and 193.
1
Calculate the highest common divisor of 4041 and 9.
9
Calculate the greatest common factor of 281 and 34844.
281
What is the greatest common divisor of 114 and 18?
6
Calculate the highest common divisor of 356 and 4.
4
Calculate the highest common factor of 20 and 11980.
20
Calculate the highest common factor of 56 and 217.
7
What is the highest common divisor of 441 and 98?
49
What is the greatest common divisor of 39 and 65?
13
What is the greatest common divisor of 8 and 8872?
8
Calculate the highest common factor of 815 and 5.
5
Calculate t